nder when o is divided by 4.
2
Let w(v) = -v**3 - 6*v**2 - 3*v + 6. Let p be w(-5). Let l(g) = 2*g**2 + 4*g - 2. Calculate the remainder when 27 is divided by l(p).
13
Let x = -43 + 63. Suppose x = 4*w + w. Calculate the remainder when 26 is divided by (-12)/9*(-42)/w.
12
Let z(r) = r**3 - r + 7. Calculate the remainder when 34 is divided by z(0).
6
Suppose 4*q = 16, 4*s - 3 - 81 = -2*q. What is the remainder when s is divided by 1 - (18 + -2)/(-4)?
4
Suppose -4 = 4*i, -c + 7*i = 4*i - 8. What is the remainder when 22 is divided by c?
2
Let d = -7 - -7. Suppose d*s + f = s - 4, 3*s + f = 20. What is the remainder when 10 is divided by s?
4
Suppose 4*y - 5*y - 4*u = -28, -3*u + 157 = 5*y. What is the remainder when y is divided by 13?
6
Suppose -9 - 6 = -c. Let i(n) = n. Calculate the remainder when c is divided by i(4).
3
Suppose -15 = 2*n + 3*n, -3*r + 5*n + 252 = 0. Calculate the remainder when r is divided by 41.
38
Suppose 3*a - a = 6. Suppose -a*d - 17 = 19. Calculate the remainder when 23 is divided by (0 - 1)/(1/d).
11
What is the remainder when 25 is divided by 14 - ((-1 - 1) + 2)?
11
Suppose -2*h = 0, -2*h = -o - h + 2. Calculate the remainder when 55 is divided by 150/8 - o/(-8).
17
Let x = 12 + 11. What is the remainder when 68 is divided by x?
22
Let h(m) = 2*m. Let d be h(1). Let p be 775/(-5) - (-2)/d. Calculate the remainder when (-2)/(-4) - p/4 is divided by 14.
11
Let s be -2 - (1 - 1 - -5). Let f be -2 - 0 - s/1. Let b = f + 4. What is the remainder when 16 is divided by b?
7
Suppose 4 = -3*o + 67. Suppose -5*t + 3*m - 6*m = -17, m = 5*t - o. Suppose t*a + 8 = 0, 2*x + x = 5*a + 46. Calculate the remainder when 22 is divided by x.
10
Suppose -4 = j, 3*n = -n + 5*j + 68. Calculate the remainder when 18 is divided by n.
6
Let f = 3 - -14. Suppose -2*v - 23 = -29. Suppose 2 = 2*o, 4*i + v*o - 59 + 16 = 0. Calculate the remainder when f is divided by i.
7
Suppose -6*o + o = 10. Let a be (o - -4) + 2*-1. Let k = a - -28. What is the remainder when k is divided by 10?
8
Suppose 0*z - 5*r - 132 = -3*z, -3*z + 102 = 5*r. Calculate the remainder when z is divided by 14.
11
Suppose -3*h + 39 = 2*u, -4*u + 5*h = 3*h - 86. What is the remainder when 82 is divided by u?
19
Let x(u) = -u**2 - 2*u + 32. Calculate the remainder when 28 is divided by x(-6).
4
Suppose u - 250 = -4*u + 4*r, -5*u - 3*r + 250 = 0. Suppose -4*x - 3*o = -37, 4*o + 14 - 59 = -5*x. Calculate the remainder when u is divided by x.
11
Suppose -2*x + 3*x = -9. Let a(i) = -2*i - 9. Calculate the remainder when a(x) is divided by 5.
4
Calculate the remainder when (-3)/27 + ((-64)/9)/(-1) is divided by 4.
3
Suppose 0 = -4*b + 3*b + 15. Let f(r) = -5*r**3 - r. What is the remainder when f(-2) is divided by b?
12
Let q = 17 - 12. Let v = q + -1. Suppose v*i - 15 = 41. What is the remainder when 55 is divided by i?
13
Let j(y) = y + 3. Let q(o) = 2*o + 1. Let p be (-3 - 23/(-5))*5. What is the remainder when q(p) is divided by j(3)?
5
Suppose 7*m - 9*m + 260 = 0. What is the remainder when m is divided by 33?
31
Suppose -j + 1 = -2*j. Let n(y) be the third derivative of -7*y**6/40 - y**5/60 - y**4/12 - y**3/6 + 8*y**2. What is the remainder when n(j) is divided by 11?
10
Suppose 4*s = 3*g + 46, -3*s + 3*g - 6*g + 45 = 0. Suppose 4*i - 5*i = -29. Let y = 9 + i. Calculate the remainder when y is divided by s.
12
Let m = -63 - -100. Let d(y) = -y**2 - y + 10. What is the remainder when m is divided by d(0)?
7
Calculate the remainder when 63 is divided by 15 + -2 + (-2 - -2).
11
Suppose l - 70 = -2*t + 92, -5*t - 15 = 0. Suppose 2*g - 101 = 3*z, -g - z = 2*g - l. Calculate the remainder when g is divided by 28.
27
Calculate the remainder when 33 is divided by ((-2)/(-5))/(10/100).
1
Calculate the remainder when 79 is divided by -6 - (-243)/12 - (-1)/(-4).
9
Suppose -d + 38 = 2*r, d + 3*d - 44 = -2*r. Let x = r - 10. Suppose o = -j + 11, -2*j + 19 = -5*o - 17. Calculate the remainder when j is divided by x.
5
Calculate the remainder when -1 + 0 - (-18)/1 is divided by 112/20 - (-15)/(-25).
2
Let w(v) = 5*v**3 - 2*v**2 + 1. What is the remainder when 9 is divided by w(1)?
1
Let m = 21 + -3. Calculate the remainder when 52 is divided by m.
16
Let i(y) = y**2 - y - 7. Calculate the remainder when 63 is divided by i(5).
11
Let o(b) = 2*b**2 - 4*b + 3. Calculate the remainder when 128 is divided by o(5).
29
Let u(p) be the third derivative of p**4/24 + p**3/2 - p**2. Suppose -2*q = 2*t + 4, 2*q - 1 + 9 = -3*t. Calculate the remainder when u(0) is divided by q.
1
Let v be 13/2 - 1/2. Suppose 3*j = -t - 6 + 40, -t - 5*j = -36. Calculate the remainder when t is divided by (v/(-4))/(6/(-64)).
15
Let j = -7 - -11. Calculate the remainder when (-10)/(-7)*(9 + -2) is divided by j.
2
Suppose 2*x - 38 = 5*d + 4, -2*x = 2*d - 56. Suppose 0 = -i - z - 0*z + 74, -3*i = -4*z - 243. Calculate the remainder when i is divided by x.
25
Calculate the remainder when (-4)/14 + (-3987)/(-63) is divided by 8.
7
Suppose -3*v + 34 = -50. Suppose 8 = 3*s - k, -5*k - 1 = -2*s - 0*k. Suppose 2*t = s*t - v. What is the remainder when t is divided by 10?
8
What is the remainder when 24*(10/(-6))/((-8)/18) is divided by 34?
22
Let i = 13 + -1. Suppose 314 = 5*a - d, -d + 0*d + 64 = a. Let l = a + -30. What is the remainder when l is divided by i?
9
Suppose 0 = 3*w - 5*w - 2*o + 10, -o + 11 = 3*w. Calculate the remainder when w is divided by 3.
0
Let r = -111 + 188. What is the remainder when r is divided by (-7)/(14/(-48)) - -2?
25
Suppose -4*g + 16 = -0*g. Suppose 12 = -s + 25. Calculate the remainder when s is divided by g.
1
Suppose 4*w + 65 - 917 = -3*b, 852 = 4*w - 3*b. Suppose 3*n + 111 = 2*x, x - 5*x = -3*n - w. What is the remainder when x is divided by 13?
12
Let y = 512 - 244. Suppose 0 = -3*k - 12, y = 6*d - 2*d - 2*k. What is the remainder when d is divided by 22?
21
Suppose 306 = -71*v + 77*v. What is the remainder when 254 is divided by v?
50
Let q(f) = -4*f**2 - f**3 - 5*f + 0 + 3*f - 3. What is the remainder when q(-4) is divided by (-24)/((-3)/1) - 5?
2
Suppose w - 6 = -2*w, -u - 2*w + 36 = 0. Calculate the remainder when 61 is divided by u.
29
What is the remainder when (1 + 0)*(-6)/(-2) is divided by 2?
1
Let y(f) = f**2 + 104. Let m be y(0). Suppose -5*v + 34 = 9. Suppose -v*u + m = -u. What is the remainder when u is divided by 9?
8
Let m = 23 + -15. Let f(k) be the third derivative of -k**4/12 + k**3/6 + 3*k**2. What is the remainder when m is divided by f(-1)?
2
Let b = 7 - 4. Suppose -3*x - q - 8 = 7, -5*q + 9 = x. Let w = 14 + x. What is the remainder when w is divided by b?
2
Suppose 4 = 4*x, 5*s - 2*x = 3*s + 142. What is the remainder when s is divided by 20?
12
Let w(h) = -h**2 + 56. Let m be w(0). What is the remainder when 452/14 + (-16)/m is divided by 3/(3 - 0)*11?
10
Suppose 93 = -5*k + 323. Calculate the remainder when k is divided by ((-1)/(-2))/(1/32).
14
Let y(m) = 2*m**2 - 11*m - 8. Calculate the remainder when y(9) is divided by 14.
13
Let b be (-2)/2 + 1 + 16. What is the remainder when 38 is divided by (b - 1)*12/9?
18
Let p be (1 - -3) + 40/(-10). Let d = -9 + 16. Suppose 4*g = -p*f + 2*f + 2, -f - 2*g + d = 0. What is the remainder when 8 is divided by f?
2
Let h(o) = -o**3 - o**2 + 6. Let y(b) = b**2 + b - 3. Let w be 2/(((-6)/15)/1). What is the remainder when y(w) is divided by h(0)?
5
Let c = 5 - 1. Suppose 2*u + 5*t = 44, 2*u = 5*u - c*t - 20. Calculate the remainder when u is divided by (7/(-4))/((-2)/8).
5
Let m = 9 - -9. Calculate the remainder when m is divided by 12.
6
Let s = -72 - -105. What is the remainder when s is divided by -2 + ((-36)/(-10))/((-12)/(-30))?
5
Let n(y) = -y - 11. Let t(p) = 4*p - 2. Let m be (1 - 1) + (1 - -1). Calculate the remainder when n(-21) is divided by t(m).
4
Suppose 48 = 5*l - 92. Calculate the remainder when l is divided by 3/3*(-1 + 11).
8
Let p(y) = 6*y + 8. Suppose 0 = -5*s + 3*h + 46, 0*h + 5*h = 2*s - 7. What is the remainder when p(2) is divided by s?
9
Let p(l) = -l**3 - 7*l**2 + l - 8. Let d be p(-7). Let v = -6 - d. What is the remainder when 4*4/(32/34) is divided by v?
8
Suppose 0 = -2*z - p + 8, -z - 9 + 2 = -5*p. Suppose 4*b - 14 = 2*m - 0*m, b - 1 = 3*m. Calculate the remainder when z is divided by m.
0
Let k =